 = l**3 - 9*l**2 + 10*l - 7. Suppose 8*c - 37 = 91. Let k be (3/6)/(0 - (-1)/c). What is p(k)?
9
Let j be (-52)/(-91)*(-21)/2. Let q(x) = x**3 + 5*x**2 - 7*x + 8. What is q(j)?
14
Let y(j) = j - 1. Let i(h) = -h**2 + 9*h - 6. Let m(r) = -i(r) - 3*y(r). Let k(l) = 11*l**3 - 2*l**2 - 2*l + 4. Let g be k(1). Determine m(g).
-2
Let b(w) = 5*w**3 + 4*w - 5. Suppose 2*f - 1 - 3 = 0. Let o(c) = -c**3 + 5*c**f + 0*c - c + 1 - 4*c**2. Let z(q) = -b(q) - 4*o(q). Calculate z(-4).
1
Let y be 18/12 - 18/(-4). Let v(d) = -d**3 + 3*d**2 - 2*d - 1. Let r(o) = -2*o**3 + 4*o**2 - 3*o - 1. Let c(s) = 2*r(s) - 5*v(s). What is c(y)?
-9
Let f(p) = -p**3 + 11*p**2 - 6. Let b = 37 + -26. What is f(b)?
-6
Let h(u) = -4*u**2 - 3*u + 2. Let d(j) = -5*j**2 - 3*j + 3. Let x(v) = 3*d(v) - 4*h(v). Let f = 225 - 228. Determine x(f).
1
Let z(c) = -c**2 - 12*c + 13. Suppose 38 = -4*h - 5*w - 10, 2*h + 24 = -5*w. Let j be z(h). Suppose -5*a = -3 + j. Let f(r) = 2*r. Give f(a).
-4
Let j(h) = -104*h**3 - h**2 - 3*h - 1. Let t be j(-1). Let i be ((-168)/t)/((-4)/10). Let r(v) = -v + 3. Give r(i).
-1
Let v be (-13)/(-3) - (-20)/(-60). Let y be (v/2)/(5/(-10)). Let k(q) be the third derivative of q**4/24 + q**3/2 - 2*q**2. Give k(y).
-1
Suppose 0 = 2*a - 3*a + 4*p + 21, 4*a = -p + 16. Let u(q) be the second derivative of 1/12*q**4 - 11*q + 7/2*q**2 + 0 - 4/3*q**3. Determine u(a).
-8
Let g(k) = 2*k + 11*k**2 + 3*k**3 - 26 - 3*k**3 - 3*k**3 + 4*k**3 - 30*k**2. Calculate g(19).
12
Let j be 4/14 + 104/(-84)*-3. Let z(a) = -5*a - 2. Calculate z(j).
-22
Let n be 1/(-5) + -8*9/15. Let i(f) be the first derivative of 2*f**3/3 + 4*f**2 + 5*f + 8. Determine i(n).
15
Let n(t) = -t**2 - 5*t + 8. Let h(s) = s. Let j(a) = 5*h(a) + n(a). What is j(0)?
8
Let o(b) = b**2 - 3*b + 1. Let m(r) = r + 22. Let x be m(-19). Suppose -c = -2*t - 43, x*c + t - 94 = -0*c. Let k = c - 29. Give o(k).
5
Let s(t) be the first derivative of -t**3/3 + 5*t**2 - t - 49. Determine s(8).
15
Let j(t) = t**3 - 6*t**2 - t + 6. Suppose 2*l + 30 = -l. Let k be l/4*32/(-40). Suppose -c = -k*c - 3*v, 0 = 5*c + v - 28. What is j(c)?
0
Let x(l) be the second derivative of 0 - 23*l + 11/12*l**4 - 7/2*l**2 - 1/20*l**5 - 3/2*l**3. Calculate x(10).
3
Let a(d) = -d**2 - 7*d - 3. Suppose 3*k = 2*c + 21, -k + c + 7 = -0*k. Suppose -2*w + w - 37 = 3*i, 29 = -2*i - 5*w. Let x = k + i. Calculate a(x).
7
Let y be 8/28 + 0 + 64/(-28). Let s(a) = a**3 + a**2 - a. Give s(y).
-2
Suppose -351 = 7*o - 288. Let v(z) = 3*z + 30. Determine v(o).
3
Let h(w) = 2*w + 5*w**2 + 2*w**3 + 4*w**2 - 5*w**2 - w**2. Suppose -1705*n = -1701*n + 8. Give h(n).
-8
Let g(u) = u**3 - 4*u**2 + 4*u - 1. Let k be g(3). Let s(n) = 5*n**2 - k*n + 889 - 889 + 0*n**2. Calculate s(2).
16
Let n(b) = -3*b**3 - 2*b**2 - 24*b + 4. Let o(q) = q**3 + 12*q - 1. Let a(j) = -2*n(j) - 5*o(j). Determine a(-6).
-3
Let d(l) be the second derivative of l**4/12 + l**3 - l**2 + 252*l. Determine d(-7).
5
Suppose 0 = d - 5*o + 1 + 25, d = o - 6. Let l(b) = -14*b. What is l(d)?
14
Let u(z) be the first derivative of z**4/4 - 2*z**3 - z**2/2 + 8*z + 626. Let i(y) = -2*y. Let o be i(-2). Let d be 22/o - (-2)/4. Determine u(d).
2
Let x = -58 + 62. Let h(l) = -l**3 + l**3 + 1 - 3*l**2 - l**3 - x + 2*l. Determine h(-4).
5
Let s(m) = 2*m**2 + 3*m. Let t(i) = -8*i**2 - 11*i + 1. Let c(b) = 9*s(b) + 2*t(b). Let h be ((-114)/(-12) + -8)/(-6) - 22/8. What is c(h)?
5
Let x(c) = 6*c + 4. Suppose 25 = 3*m + 2*m. Suppose -m*k + 7 = 3*r - 10, 5*k + 5*r - 25 = 0. Let d(b) = -b - 1. Let f(a) = k*x(a) + 3*d(a). Give f(-2).
-5
Let d(j) = j - 15. Suppose -3*g = 2*s - 21, -3*s - 4*g + 2 = -28. Calculate d(s).
-9
Let s(u) be the second derivative of -u**5/20 - 5*u**4/12 - u**3/2 - 2*u + 17. What is s(-4)?
-4
Let r(i) = -5*i**2 - 19*i + 6. Let v be r(-4). Let m(y) = -2*y**2 + 4*y - 5. Give m(v).
-5
Suppose 27 = -4*i + i. Let k = i + 12. Let m(f) = 8 + 7*f + k - 7. Give m(-3).
-17
Suppose 2*y - 6 = w, -y - 5*w + 35 = 10. Let z(n) = -n**3 + 3*n**2 + 6*n + 3. Determine z(y).
-17
Let s(k) = 3*k + 3. Let c(o) = -o**2 + 6*o + 5. Let l(b) = -2*b - 8*b**2 + 14*b**2 + 3 - 4*b**2. Let p be l(2). Let h be c(p). Calculate s(h).
-3
Let w(a) be the first derivative of a**4/4 - 2*a**3 - 5*a**2/2 + 9*a + 410. What is w(7)?
23
Let s(i) be the first derivative of i**5/60 - i**4/24 + 5*i**3/3 - 3*i**2 + 45. Let u(v) be the second derivative of s(v). Let y = 1 + -1. Give u(y).
10
Let z = -13606 - -13600. Let l(o) be the first derivative of o**2 + 13*o + 2. Calculate l(z).
1
Let p = 893 - 888. Let o(g) = -g**3 + 5*g**2 + 2*g - 4. Determine o(p).
6
Let c(y) be the third derivative of -y**5/60 + 5*y**4/24 - 2*y**3/3 - 8*y**2. Let f(b) be the first derivative of c(b). Calculate f(6).
-7
Suppose 25*w + 77 - 227 = 0. Let d(a) = -a**2 + 8*a - 7. Give d(w).
5
Let d(y) = -y**3 + 4*y**2 + 8*y - 7. Let m(j) = j**2 - 26*j + 53. Suppose 2*l - 24 = -n, -2*l + 0*l - 96 = -4*n. Let p be m(n). Give d(p).
8
Let s(o) = -o**3 + 11*o**2 - 2*o + 14. Let t(j) = -50*j + 11. Let y be t(0). Give s(y).
-8
Let y(w) = -19*w - 6. Let q(x) = -37*x - 11. Let o = 41 + -30. Let a(c) = o*y(c) - 6*q(c). Calculate a(1).
13
Let m = 3 - -1. Let a = 19 + -14. Let r(o) = 5*o - 5*o**3 + o**2 - o**2 - a*o**2 + 6*o**3 - 1. Calculate r(m).
3
Let x(f) be the third derivative of -f**7/280 - f**5/120 - 5*f**3/3 - 7*f**2. Let z(w) be the first derivative of x(w). Determine z(-1).
4
Let f(p) = -11*p**2 - 15*p - 5. Let j(o) = 5*o**2 + 7*o + 3. Let r(k) = -6*f(k) - 13*j(k). Give r(0).
-9
Suppose -2*o = -2*m - 12 - 6, 4*m = 3*o - 27. Let p(y) = y**2 - 11*y + 13. Let d be p(o). Let w(f) = -f**2 - 4*f - 1. What is w(d)?
-6
Let u(c) = -3*c - 6*c**2 - 49 - c**3 + 6*c + 3*c**2 + 46. Determine u(-3).
-12
Let c(t) = t**2 - 4*t + 2. Let s be c(4). Suppose -s = 7*u - 8*u. Let o(a) = 2*a - 3. What is o(u)?
1
Let j(n) = 6*n**3 - 10426*n + 10426*n + n**2. What is j(-1)?
-5
Let o(j) = j. Let t(g) = 2*g + 27. Let s(y) = -3*o(y) - t(y). Let i be s(-4). Let n(r) = r**3 + 8*r**2 + 5*r - 5. What is n(i)?
9
Let x(q) = -q - 16. Let u be 1*-10 + (-15 - -20 - 11). What is x(u)?
0
Let p(n) be the second derivative of n**4/12 - 4*n**3/3 - 10*n**2 - 552*n. What is p(10)?
0
Let n = -1187 - -1179. Let f(c) = c**3 + 8*c**2 - 3*c - 20. Give f(n).
4
Let p(n) = 2*n**2 + 42*n - n**2 - 51*n. Give p(10).
10
Let h(q) = 7*q**2 + q**3 + 7*q**3 - 9*q**3 - q - 4. Calculate h(7).
-11
Let h(x) = -1855*x - 1861*x + 13 + 3725*x + 3*x**2. Determine h(-2).
7
Let c(i) = 3*i**2 - 5*i - 15. Let w(f) = 10*f**2 - 13*f - 44. Let p(o) = -7*c(o) + 2*w(o). Determine p(9).
17
Let y(c) = 2*c - 5*c**3 - 1 - 4*c**2 + 6*c - 10*c + 2*c**2. Give y(-1).
4
Let w = -26 - -29. Let d(c) = -2*c + w*c + 2 + 3 + 3. Determine d(-7).
1
Let y(k) = -10*k**2 - 71*k - 6. Let s be y(-7). Let u(q) = 62*q**2 - 1. Calculate u(s).
61
Let t(r) = r**2 + 3*r + 3. Suppose 0 = -9*y + 91 + 80. Let x = y - 21. Calculate t(x).
1
Let b = 41 - 41. Suppose 3*t + 6 = b, 2*z + 4*t = 3*z - 11. Let s(p) = p**3 - 3*p**2 + p + 3. What is s(z)?
6
Let j(q) = -q**3 + 9*q**2 - 10*q + 12. Suppose -5*c - 294 = -0*c + 3*g, 2*c + 4*g + 126 = 0. Let l = c + 65. What is j(l)?
-4
Suppose 26*d = 22*d + 108. Let j be (-6)/d - 150/54. Let u(w) = 4*w**2 + 21*w - 8. Let y(s) = s**2 + 5*s - 2. Let o(f) = -2*u(f) + 9*y(f). Give o(j).
-2
Let f(t) = -3*t - 1. Let w = 42 + -41. Let o(a) = a. Let y(m) = w*f(m) + 5*o(m). Calculate y(-6).
-13
Let b(k) = -k**3 + 5*k**2 - 3*k + 2. Let f = 1173 + -1169. Determine b(f).
6
Suppose -5*j + 5 = -5. Let u(t) = 9*t**2 - 3*t - 8*t**2 - 264 + 263. What is u(j)?
-3
Let x(t) = 3*t**2 - t - 1. Let c be (-5 - -1)*-1 - 2. What is x(c)?
9
Let l(q) be the second derivative of -q**4/12 + q**3/6 + 7*q**2 - 3*q. Let k be 14/42 - 2/6. Calculate l(k).
14
Let n(z) = z**2 - 4*z + 5. Let u(y) = -3*y**2 + 10*y - 9. Let o(j) = -5*n(j) - 2*u(j). What is o(3)?
2
Let b(r) = r**2 - 13*r + 35. Suppose -13*a = -23*a + 100. Determine b(a).
5
Let n(d) = -d**2 - 2*d + 1. Suppose 0 = -5*l - y + 171, 3*l - l + 3*y - 58 = 0. Suppose -5*t + 25 = -l. Suppose -o = -4*o - t. Give n(o).
-7
Let k(d) = d**2 - d + 3. Suppose -3*l - 5*q = -34, 7*l - 5*l + q = 11. Determine k(l).
9
Let s(f) = f**3 + 2*f**2 - 2*f. Let q(a) = -41*a**3 - 11*a**2 + 10*a + 1. Let n(j) = q(j) + 5*s(j). Calculate n(-1).
36